e the highest common factor of 3216 and 541200.
48
What is the greatest common divisor of 1225011 and 579?
3
What is the greatest common divisor of 19245 and 159225?
15
What is the highest common divisor of 12847152 and 192?
48
Calculate the highest common factor of 10812 and 19108.
68
What is the greatest common factor of 75 and 12075675?
75
Calculate the greatest common factor of 678 and 54274917.
339
Calculate the highest common divisor of 78 and 6609600.
6
What is the highest common factor of 93504 and 544953?
1461
What is the highest common divisor of 57818481 and 207?
69
What is the greatest common factor of 111 and 25986062?
37
What is the highest common divisor of 4290675 and 115425?
1425
Calculate the highest common divisor of 55250388 and 61146.
1422
What is the highest common divisor of 2120 and 128731170?
530
What is the highest common factor of 153732138 and 12?
6
Calculate the highest common divisor of 1711725 and 2697.
87
What is the greatest common divisor of 9072 and 17692752?
336
Calculate the greatest common divisor of 7446 and 65356024.
2482
Calculate the highest common factor of 51543 and 11523.
69
Calculate the highest common factor of 125 and 1714015.
5
What is the greatest common divisor of 150 and 81532175?
25
Calculate the highest common factor of 58216831 and 18363.
6121
Calculate the highest common divisor of 759575 and 9583855.
6605
What is the highest common divisor of 65 and 45997445?
65
What is the greatest common divisor of 35435361 and 52377?
663
What is the highest common factor of 2435469 and 31872?
249
Calculate the highest common factor of 76297360 and 290.
10
Calculate the greatest common divisor of 55 and 201841970.
55
What is the highest common divisor of 2506242 and 816?
102
What is the greatest common factor of 5669796 and 198?
66
What is the highest common divisor of 316944 and 81096?
744
What is the highest common factor of 24 and 291090900?
12
What is the highest common divisor of 301 and 134898869?
301
What is the greatest common factor of 8706055 and 3745?
535
What is the greatest common factor of 3471021 and 8475?
339
Calculate the highest common divisor of 93192 and 6961160.
2824
Calculate the highest common divisor of 42 and 14231847.
21
Calculate the highest common divisor of 12 and 205984.
4
What is the highest common divisor of 43479132 and 4182?
102
What is the highest common divisor of 99 and 499508823?
33
What is the greatest common factor of 1022273 and 1939?
7
What is the highest common factor of 112654289 and 41107?
1111
What is the highest common factor of 335 and 233897?
67
What is the greatest common factor of 15315 and 93?
3
What is the greatest common divisor of 90277 and 4873?
11
Calculate the greatest common factor of 13059111 and 3978.
663
Calculate the highest common factor of 446803 and 140012.
2059
Calculate the highest common factor of 30472431 and 737.
11
Calculate the greatest common factor of 428647 and 36966.
61
Calculate the highest common factor of 122307 and 209373.
2073
Calculate the greatest common factor of 52589614 and 126.
14
What is the greatest common factor of 10776 and 3151969224?
10776
What is the greatest common divisor of 70466018 and 84?
14
Calculate the greatest common divisor of 874 and 43549634.
38
Calculate the highest common divisor of 90450 and 3270.
30
Calculate the highest common divisor of 23961 and 8089690.
1141
What is the highest common divisor of 2270 and 130273030?
2270
What is the greatest common factor of 123924 and 160?
4
What is the greatest common divisor of 808 and 15808116?
404
What is the greatest common factor of 10621031 and 35656?
4457
Calculate the highest common factor of 41536 and 14432.
352
What is the highest common factor of 22608048 and 96?
48
Calculate the highest common divisor of 57366213 and 93.
93
What is the greatest common divisor of 6377 and 28831328?
911
Calculate the highest common divisor of 1528 and 116700236.
764
What is the highest common factor of 8833 and 1098559?
121
What is the greatest common divisor of 52248807 and 10875?
87
Calculate the greatest common divisor of 340030 and 20282330.
9190
What is the greatest common divisor of 7394805 and 75?
15
Calculate the greatest common divisor of 556384 and 88.
8
What is the highest common divisor of 160029 and 54?
27
Calculate the highest common factor of 9704 and 556995044.
4852
Calculate the greatest common factor of 36 and 62204508.
36
What is the highest common factor of 7446 and 59150148?
438
Calculate the greatest common factor of 17412333 and 82488.
1473
What is the greatest common factor of 385555 and 138185?
145
Calculate the highest common factor of 2772 and 4047156.
36
What is the highest common divisor of 26 and 57272?
2
What is the highest common divisor of 205119 and 26322?
321
What is the greatest common factor of 1443587 and 2?
1
What is the highest common divisor of 89319 and 429837?
57
What is the greatest common divisor of 69554913 and 498?
249
What is the greatest common divisor of 598808 and 13468?
1036
Calculate the highest common divisor of 27132 and 2877.
21
What is the highest common divisor of 1569372987 and 273?
273
What is the highest common factor of 43591780 and 140?
20
Calculate the greatest common factor of 2282 and 26766882.
326
What is the highest common divisor of 8368 and 418067372?
2092
Calculate the highest common factor of 10831787 and 327487.
6179
Calculate the highest common factor of 245 and 1586245.
5
Calculate the highest common factor of 27186232 and 103.
103
Calculate the greatest common factor of 1430462 and 424226.
242
What is the highest common factor of 113 and 81036029?
113
Calculate the greatest common divisor of 5800816 and 127897.
1057
What is the highest common divisor of 7317968 and 70245?
1561
Calculate the greatest common factor of 77639 and 8704.
17
What is the greatest common factor of 623 and 46785965?
89
What is the highest common divisor of 1378 and 3766816?
106
What is the greatest common factor of 33157 and 25489?
71
What is the greatest common divisor of 88 and 1917047?
11
Calculate the greatest common factor of 1274154 and 125166.
138
Calculate the highest common divisor of 1970781725 and 275.
275
What is the greatest common factor of 50592 and 4354074?
3162
Calculate the greatest common divisor of 14742 and 19512038.
182
Calculate the greatest common factor of 1920 and 123228.
12
Calculate the highest common divisor of 87132 and 195636.
1644
What is the highest common factor of 128193149 and 7?
7
What is the greatest common factor of 1588 and 4019625?
397
Calculate the highest common divisor of 2349155132 and 9656.
4828
What is the highest common divisor of 122037948 and 432?
108
Calculate the highest common divisor of 157 and 6607973.
157
Calculate the highest common factor of 725621 and 832.
13
What is the highest common factor of 28269 and 159975?
81
Calculate the highest common factor of 1302 and 668346.
42
What is the greatest common factor of 3464 and 2143544?
8
Calculate the highest common divisor of 9877 and 17773.
7
What is the highest common factor of 324748 and 116261?
19
What is the greatest common divisor of 1827 and 231333?
87
Calculate the greatest common divisor of 7536 and 11177144.
1256
Calculate the greatest common divisor of 85399 and 2582509.
1081
What is the highest common divisor of 13618 and 7995394?
22
Calculate the greatest common divisor of 3 and 1790280861.
3
Calculate the highest common factor of 117 and 4141241.
13
What is the greatest common factor of 1341392 and 312?
104
What is the highest common divisor of 8159 and 2154772?
199
Calculate the highest common divisor of 43687350 and 122409.
4221
Calculate the highest common divisor of 123628 and 568.
4
Calculate the highest common factor of 5844849 and 186.
3
What is the greatest common divisor of 7380252 and 7887?
33
Calculate the greatest common divisor of 2667 and 16383.
381
Calculate the highest common factor of 25895487 and 1671.
1671
What is the greatest common divisor of 1140800 and 540950?
1550
Calculate the greatest common factor of 8232 and 1734.
6
Calculate the greatest common divisor of 294 and 1231839.
21
Calculate the highest common factor of 82446 and 3276.
546
Calculate the highest common fac